
In base 5, what is 143 - 1210110?
-1204412
In base 8, what is -2 - -212240?
212236
In base 12, what is 1a062 - -1?
1a063
In base 9, what is 21 - -6622?
6643
In base 5, what is 144342 + -23?
144314
In base 7, what is 323 + 11404?
12030
In base 8, what is -7002 - 26?
-7030
In base 7, what is 1253122 + 1?
1253123
In base 8, what is -3364610 - 0?
-3364610
In base 5, what is 22332 - 2130?
20202
In base 13, what is c - 3a0?
-391
In base 7, what is 36660 + 554?
40544
In base 15, what is 188085 - -1?
188086
In base 5, what is -101 - 22030?
-22131
In base 15, what is 722 - b?
716
In base 9, what is -1023753 + 0?
-1023753
In base 14, what is -722b + -5?
-7232
In base 15, what is -3100 + 10b?
-2ee4
In base 15, what is 52ca2 - -4?
52ca6
In base 15, what is 333 + 79?
3ac
In base 9, what is 48 - -35305?
35354
In base 14, what is -475 - -35?
-440
In base 7, what is 1546136 + -3?
1546133
In base 8, what is 54150 + 34?
54204
In base 14, what is -326 + -152?
-478
In base 15, what is 3 + 181406?
181409
In base 10, what is -30134 + -4?
-30138
In base 5, what is -2020242221 - 1?
-2020242222
In base 6, what is 212051002 + -1?
212051001
In base 6, what is 4 - 354410?
-354402
In base 11, what is -4873 + 111?
-4762
In base 7, what is -3 - -2113333?
2113330
In base 9, what is 8 + 86234?
86243
In base 10, what is -2 + 5919?
5917
In base 11, what is 5 + -25831a?
-258315
In base 14, what is -2 - 13b49?
-13b4b
In base 12, what is -795163 - -1?
-795162
In base 4, what is -23 - -203213?
203130
In base 14, what is -2d3 - -2?
-2d1
In base 4, what is -111200 + -10?
-111210
In base 12, what is a9a53 - -4?
a9a57
In base 14, what is 1c574 + 3?
1c577
In base 4, what is -111103 + -2?
-111111
In base 7, what is 101061 + 36?
101130
In base 4, what is 13 + -322331?
-322312
In base 7, what is 463 + 43060?
43553
In base 9, what is -2 - -437232?
437230
In base 5, what is 142 - 2033?
-1341
In base 16, what is -26 - -1da0?
1d7a
In base 3, what is 1021010 + -2001?
1012002
In base 2, what is 101100101001000101 - 101?
101100101001000000
In base 10, what is -37 + 17822?
17785
In base 7, what is -130 + 3342?
3212
In base 10, what is 1 - 1254423?
-1254422
In base 13, what is 572 - 24?
54b
In base 5, what is -1 - -1124442?
1124441
In base 13, what is 40 + -1092?
-1052
In base 11, what is 7 - -17a277?
17a283
In base 4, what is 312232033 - -2?
312232101
In base 3, what is -10222201102100 + 10?
-10222201102020
In base 13, what is 30b82 - -1?
30b83
In base 11, what is -3217 + -217?
-3433
In base 3, what is -12220212100 + 11?
-12220212012
In base 9, what is -6 + -11132?
-11138
In base 5, what is -1140043 + 0?
-1140043
In base 6, what is 3 + 250212?
250215
In base 3, what is -2 + 22000102?
22000100
In base 2, what is -101001110101 - 1010010111?
-110100001100
In base 8, what is -3655655 - 0?
-3655655
In base 5, what is -12001 + -34?
-12040
In base 15, what is -66 - 12b2?
-1328
In base 6, what is 55010 + 10?
55020
In base 13, what is -20161 + -2c?
-20190
In base 3, what is 10 + -210001200?
-210001120
In base 9, what is 4154 + -788?
3255
In base 6, what is 531345 + -125?
531220
In base 5, what is -220340023 + 2?
-220340021
In base 5, what is 0 - -224340?
224340
In base 16, what is -33d + 2c?
-311
In base 4, what is 1 + 1100220302?
1100220303
In base 8, what is 35531 - -6?
35537
In base 16, what is 9 + -dd7f?
-dd76
In base 3, what is 201101102 + -211?
201100121
In base 3, what is 2 - 1210001?
-1202222
In base 10, what is 24435 - -27?
24462
In base 13, what is 966 - 181?
7b5
In base 12, what is 27 + -9513?
-94a8
In base 12, what is -2a2b - -1?
-2a2a
In base 11, what is -3 + 157033?
157030
In base 15, what is -41 + 23c8?
2387
In base 15, what is 2 + 2e8?
2ea
In base 2, what is 1100 + 1101010111111011?
1101011000000111
In base 7, what is -2432 + 40?
-2362
In base 14, what is -650 + 4?
-64a
In base 9, what is -76820 + -23?
-76843
In base 15, what is -2861d + -1a?
-28638
In base 12, what is -a4 + -120?
-204
In base 12, what is -188 - -b0?
-98
In base 4, what is -11 + 10223212?
10223201
In base 3, what is 2012220 - -12210?
2102200
In base 14, what is -2a + -a129?
-a155
In base 3, what is -1012021 - -11100?
-1000221
In base 4, what is -232 + -1021301?
-1022133
In base 5, what is -44 + -2341041?
-2341140
In base 7, what is -2 - -1051100?
1051065
In base 16, what is 2c - 410?
-3e4
In base 8, what is -1524305 + 4?
-1524301
In base 13, what is -81 + -1647?
-16c8
In base 2, what is 11 + 1101110001110101?
1101110001111000
In base 11, what is 19 + 14a?
168
In base 5, what is -1 + 201131?
201130
In base 15, what is -17 - -252c?
2515
In base 6, what is -45 - -43352?
43303
In base 14, what is 2 - 6947?
-6945
In base 8, what is 1364 - -166?
1552
In base 4, what is -12 - -11110102?
11110030
In base 7, what is 120243 - -6?
120252
In base 11, what is 18 - 14708?
-146a0
In base 3, what is 12010020012 - 22?
12010012220
In base 16, what is -1f99 - ad?
-2046
In base 16, what is 5b5d - -a?
5b67
In base 9, what is 2626 + -27?
2588
In base 13, what is 570 + a64?
1304
In base 2, what is -10 - -100101001100011000?
100101001100010110
In base 3, what is 1012 + -22?
220
In base 3, what is 111102121 + -200?
111101221
In base 10, what is -39 - 47336?
-47375
In base 5, what is -10 - 1434203?
-1434213
In base 3, what is 2 - -22101011?
22101020
In base 5, what is 23040 + 1143?
24233
In base 10, what is 4 + 1420852?
1420856
In base 14, what is 6 - 1a8b8?
-1a8b2
In base 15, what is 22 + 49c?
4be
In base 13, what is aa - -353?
430
In base 9, what is -257 + -3538?
-3806
In base 11, what is -a45 - 196?
-1130
In base 16, what is 2d83 - -5?
2d88
In base 13, what is 2 + 27288?
2728a
In base 15, what is -7 - 320?
-327
In base 11, what is -6290 + -a?
-629a
In base 10, what is -43191 - 1?
-43192
In base 3, what is -12202020111112 - -2?
-12202020111110
In base 3, what is 1220101000 - -12?
1220101012
In base 15, what is -15 - 6dd?
-703
In base 6, what is -23 + 242003?
241540
In base 6, what is -2 + 5015224?
5015222
In base 9, what is -24052624 + -1?
-24052625
In base 10, what is -2 + 302225?
302223
In base 11, what is -727225 - 3?
-727228
In base 9, what is -10 + -411?
-421
In base 8, what is -1152 + -17?
-1171
In base 10, what is 5 + -18750?
-18745
In base 15, what is -2cd44 + -5?
-2cd49
In base 6, what is 2200441 + -3?
2200434
In base 7, what is -4 - 4034312?
-4034316
In base 10, what is -27 + 2924?
2897
In base 9, what is -24621 - -185?
-24425
In base 11, what is 35008 + 9?
35016
In base 7, what is -32425 + -1?
-32426
In base 15, what is -b4de - 9?
-b4e8
In base 11, what is -4145 + 34?
-4111
In base 14, what is -235b2 + -48?
-2361a
In base 9, what is -56 - 616?
-673
In base 10, what is 8912 - 8?
8904
In base 12, what is 27 - 706?
-69b
In base 12, what is -20 - -5633?
5613
In base 11, what is 2 - -5748?
574a
In base 12, what is -13 + 1615?
1602
In base 12, what is -31 - 4a14?
-4a45
In base 15, what is 69 + -11b?
-a2
In base 5, what is 423 - 2003?
-1030
In base 3, what is -1 + 1110200010?
1110200002
In base 8, what is 2 - 706452?
-706450
In base 12, what is -b - 95b?
-96a
In base 4, what is 1103 - -23111?
30220
In base 10, what is -816 - -310?
-506
In base 3, what is -201102011100 + 10?
-201102011020
In base 15, what is 87 + -5aaa?
-5a23
In base 8, what is -13634 - -723?
-12711
In base 7, what is -34 + -53451?
-53515
In base 14, what is 138 + 368?
4a2
In base 15, what is -1b + 7ec?
7d1
In base 7, what is 5360 - 4?
5353
In base 8, what is 3 - 2544175?
-2544172
In base 4, what is 3103300 + -2?
3103232
In base 5, what is 10 - -13400442?
13401002
In base 11, what is 3 - -9343?
9346
In base 8, what is -465325 - 4?
-465331
In base 6, what is -51255511 + 3?
-51255504
In base 6, what is 4133240 - 2?
4133234
In base 13, what is a66aa - -1?
a66ab
In base 3, what is 102222000 - -20001?
110012001
In base 11, what is 3971 + -8?
3964
In base 9, what is -550438 + 2?
-550436
In base 8, what is -40 - 475?
-535
In base 12, what is -2a27 - 28?
-2a53
In base 10, what is 20 - -32695?
32715
In base 16, what is 10 + -404e0?
-404d0
In base 15, what is 15931 - 4?
1592c
In base 5, what is -20404 - 3204?
-24113
In base 7, what is 1114 + 143?
1260
In base 2, what is -10010001101100110101011 + -1?
-10010001101100110101100
In base 8, what is -156737 - 51?
-157010
In base 3, what 